uppose 66*u - 63*u + 3 = 0. Determine x(u).
-1
Let p(l) be the first derivative of -4*l**3 - l + 11. Calculate p(1).
-13
Let w = 4 - 2. Let t(h) = -8 - w*h + 2*h - h. Calculate t(-6).
-2
Let m(c) = c - 11. Suppose -2*t + 6*t = 5*i - 24, i + 2*t = 16. What is m(i)?
-3
Let h(z) = -3*z - 8. Let m be h(-7). Let o = -21 + m. Let g = -2 - o. Let b(c) = -c**3 + 5*c**2 + 5*c + 1. What is b(g)?
-5
Let o(r) = r - 8. Let k(t) = 4*t - 24. Let q(f) = -3*k(f) + 10*o(f). What is q(-7)?
6
Suppose -2*a + 6*a - 14 = -2*l, -2*a = 3*l - 9. Let u(m) = 2 - 6*m**3 - 1 - 8*m**a + 13*m**3. What is u(-2)?
9
Let a(q) = q**3 + q**2 - q - 1. Let o be (-2 + -2 + 5)*0. Suppose 4*k + 1 = -g, -2*g + o*k - 3*k - 2 = 0. Let i = g + 0. What is a(i)?
0
Let w(g) = -5*g**2 + 6*g. Let f(n) = -6*n**2 + 5*n. Let s(r) = -4*f(r) + 5*w(r). Let o be s(10). Let v(h) = -h + 10 + 1 - 1 + 2*h. Determine v(o).
10
Let h = -19 + 21. Let o(b) = 3*b**2 - 2*b + 2. Calculate o(h).
10
Suppose 0*l = 2*l - 2. Let r(u) = u - 2*u - 3 - l. What is r(-3)?
-1
Let t(w) be the third derivative of w**4/24 - w**3/3 + 2*w**2. Determine t(7).
5
Let h(m) = -4*m + 3. Let d(a) = 5*a - 5. Let b(v) = 6*d(v) + 7*h(v). Give b(7).
5
Let r(q) = -q. Let x = -26 + 28. Let g(i) = -i**3 + 5*i**2 + 7*i - 3. Let j be g(6). Suppose -x*o + z + 5 = 0, 6*o + j*z - 35 = 2*o. Determine r(o).
-5
Let t(c) = -4*c**2 + 4*c**2 + c**3 - 6*c**2 + 3 + 5*c - 2. Let a be 22/4 + 3/(-6). What is t(a)?
1
Let m(y) = y**3 + y**2 + 4. Let v be m(0). Let i(u) = -u**3 + 6*u**2 - 5*u. Determine i(v).
12
Let k(v) = 0 - 6*v + 20*v + 1. Give k(-1).
-13
Let l(x) = -8*x + 0*x**2 + 4*x + 5*x + 4 - x**2. Calculate l(-3).
-8
Suppose 1 = -m - 2*y, -7 = -4*m - 2*y - 17. Let d(l) = -8*l - 4*l - l + 1 + 14*l. Calculate d(m).
-2
Let z(y) = -y**2 + 10*y - 7. Let k be z(9). Let b(p) be the first derivative of p**2 - 2*p**2 + 4*p - 4*p + k. Calculate b(-2).
4
Let y(j) = -2*j - 2*j**2 + 542 - 543 - j. What is y(-4)?
-21
Let f = 6 - 3. Let t(j) = -3*j + 8*j - 1 + f*j. Determine t(1).
7
Let t(g) = 2*g**2 - g - 2. Suppose 3 = -18*h + 39. Calculate t(h).
4
Let h(t) = t**2 + t + 3. Let p(v) = 14*v. Let c be p(-1). Let r = c + 8. Let x be (-3)/r - (-2)/(-4). Determine h(x).
3
Let r(a) = -7*a - 1. Let p(k) = k + 1. Let g(j) = -6*p(j) - r(j). Calculate g(8).
3
Let v(g) = -2*g + 7. Let f(y) = y**3 + y + 40. Let w(b) = -b**3 - b**2 - b - 1. Let i be w(-1). Let u be f(i). Let c be (6/4)/(12/u). Give v(c).
-3
Let m(w) be the first derivative of -w**4/4 - w**3 + 2*w**2 + 3*w - 5. Calculate m(-3).
-9
Suppose 4*l - 4*h - 4 = 8, -12 = 4*h. Let b(n) = -n - 6. Give b(l).
-6
Let r(s) be the second derivative of s**3/2 - 2*s**2 - 4*s. Calculate r(3).
5
Let o be (-15)/(-9) - (-4)/(-6). Let p(q) = -q**3 - 4*q**2 - 4*q - 1. Let k be p(-3). Let g(a) = 0*a**2 + 3 + k - a - 3*a**2 - 4. Give g(o).
-3
Let o = -5 + 9. Let p = o - 6. Let s(u) = u**3 + 2*u**2 + u + 2. Give s(p).
0
Let j(z) = z - 1. Suppose 3*o - 23 = 4*u, 9*u - 4*u + 4*o = 10. Let f = u + -3. Calculate j(f).
-6
Let o(t) = t**2 + 0 - 1 + 4*t + 0*t**2. Let k be 1/(-6) - (-186)/36. Suppose -k*y - 10 = -3*y. Calculate o(y).
4
Let p(k) = k**2 - k - 1. Let v be (-60)/14 + (-14)/(-49). Let z = 1 + v. Calculate p(z).
11
Let q(c) be the second derivative of c**4/12 - c**3/3 - 20*c. Give q(1).
-1
Let n(s) = 9*s + 11*s**2 - 3 - 12*s**2 - 3. Give n(8).
2
Let a = -2 + -3. Let q = a + 7. Let p(b) = -b**2 + 2 + 0 + 0 + b. Give p(q).
0
Suppose -m = s + 2*s + 6, -3*m = -s - 12. Let n(r) = 3 + 6*r + 4*r**2 + 5*r - 3*r**2 - m*r. Give n(-8).
3
Let t(c) be the third derivative of c**5/60 - 2*c**3/3 + 33*c**2. What is t(3)?
5
Let d(o) = o**2 - 5*o - 2. Suppose 2*z - 15 = -0*z - 3*l, 4*l - 20 = -z. Suppose -4*v + 39 - 15 = z. Determine d(v).
4
Let v = -7 + 10. Suppose 3 + 12 = -v*w. Let h(n) = -n**2 + 0*n + 5*n + 2*n**2. What is h(w)?
0
Let i(d) = -d**3 + d + 2. Let u be 2/(-3)*(-51)/(-17). Calculate i(u).
8
Let j(h) = h**2 - h - 2. Let q(b) = -b**3 + 3*b**2 - 2. Let x be q(3). Let a be j(x). Let r(w) = 3*w**2 - w - 3 + 1 + 3*w - w**3 + 3. Give r(a).
-7
Let s(f) = -f - 7. Let r be s(-4). Let q(c) = 0*c - 3*c + c + 4 - c**3 - 5*c**2. Give q(r).
-8
Let v = 0 - -1. Let w(h) be the first derivative of -6 - 2*h**2 + h - 3*h + h + 2*h. What is w(v)?
-3
Let l(u) = 3*u**2 + 6*u - 1. Let n(f) = 174 - 174 + f**2. Let q(g) = l(g) - 4*n(g). Calculate q(7).
-8
Let x(d) = -d - 17. Let z be x(-10). Let c(t) be the first derivative of -t**3/3 - 3*t**2 + 7*t + 5. What is c(z)?
0
Let i(b) = 4 + 2 - 2 + b. Let p be i(0). Let m(x) = 2*x - 1. Determine m(p).
7
Let c(i) be the third derivative of 7*i**5/120 - i**4/24 - 2*i**3/3 - 2*i**2. Let z(u) be the first derivative of c(u). What is z(1)?
6
Let o(p) = -2*p**2 - 2 + p**3 + 3*p**2 + 10*p - 12*p. Let h(f) = f**2 + 5*f - 2. Let r be h(-5). Give o(r).
-2
Let z(r) = -9*r - 3*r**2 - 12 + 13 + 10*r. Determine z(-1).
-3
Let t(p) = -p. Let b(y) = -8*y + 5. Let g(v) = b(v) - 6*t(v). Let x = -5 - -10. Give g(x).
-5
Let z(c) = -c**3 + 8*c**2 + 3. Let d be z(8). Let u(m) = -4*m + 3*m**2 - 6*m**2 - m**2 + 4 + d*m**2. What is u(-5)?
-1
Let l(j) = -j**2 + 6*j - 6. Let n be l(4). Let k(p) = -3 + 10*p - 2*p + 3*p - 6*p. Calculate k(n).
7
Let n(d) be the third derivative of 0 + 0*d - 1/3*d**3 - 2*d**2 - 1/60*d**5 + 7/24*d**4. What is n(7)?
-2
Let h(c) = c**2 + 7*c - 2 + 8 + 0*c**2 - 1. Let a be h(-5). Let k(r) = r**2 + 5*r - 7. What is k(a)?
-7
Let y be (9/(-6))/(6/(-16)). Suppose -y*p + 15 = p. Let w(f) = f**3 - 3*f**2. Give w(p).
0
Let z(o) = 8 - 2*o**3 + o**2 + 3*o + 3*o**3 - 4*o. Suppose -2*u - 2*i = 20, -4*u - 39 = -i - 4. Let c = -9 - u. What is z(c)?
8
Let w(a) = a**3 - 5*a**2 - 8*a + 7. Let j be (-18)/(-2) - (-4)/8*-6. What is w(j)?
-5
Let x(d) = 5*d**2 - 10*d**2 - 2*d + 4*d**2 + 3 - 1. Let f(l) = l**2. Let s(z) = -2*f(z) + x(z). Calculate s(-2).
-6
Let n(o) = -4*o**2 - 7*o - 4. Let b(t) = -7*t**2 - 14*t - 9. Let j(u) = 3*b(u) - 5*n(u). What is j(-7)?
-7
Let w be (5/(-10))/((-4)/(-8)) - -2. Let m(j) = -29*j. Determine m(w).
-29
Let q(m) = -2*m**3 - 13*m**2 + 17*m + 5. Let w(l) = -l**3 - 7*l**2 + 9*l + 3. Let p(h) = -3*q(h) + 5*w(h). Determine p(-5).
5
Let w = -5 - -3. Let r = 26 - 11. Let f be 5/r - w/3. Let q(z) = z**3. Give q(f).
1
Let q(o) be the first derivative of -o**4/4 + o**3/3 - o**2/2 + o - 4. Determine q(1).
0
Let u(h) = -h**3 - h**2 + 5. Let m be u(0). Suppose -5*k + 0*k = m. Let q(i) = 3*i**3 + 2*i + 1. What is q(k)?
-4
Let w be 4/6 - 7/(-3). Let x(g) be the first derivative of -3 - 5/2*g**2 + 4*g + 1/3*g**3. Give x(w).
-2
Let c(g) = 8*g - 17. Let z(t) = 7*t - 16. Let f(m) = -6*c(m) + 7*z(m). Calculate f(7).
-3
Let u(q) = q**2 + 7*q - 8. Let o be u(-8). Let t be (-1 - -3)*(-1 + o). Let c(z) = -z**3 - 4*z**2 - 3*z - 1. What is c(t)?
-3
Let q(c) be the first derivative of 3*c**4 + c**2/2 + c - 5. Calculate q(-1).
-12
Let l(j) = j + 47 - 47. Let y(u) = u**3 + u**2 - u + 2. Let d be y(0). Give l(d).
2
Let p = -16 + 11. Let d(a) be the third derivative of -a**5/60 - a**4/4 - 5*a**3/6 + a**2. Give d(p).
0
Let z(i) = -i**2 - 6*i - 1. Let j be z(-6). Let c(w) = -4 - 5 + 7 - 3*w + 1. What is c(j)?
2
Let m(z) = 3*z**2 - 5*z. Let n(r) = 2*r**2 - 4*r + 1. Let f(o) = -3*m(o) + 4*n(o). Let u(p) = p**2 - 5*p + 1. Let y be u(2). Let t = 5 + y. What is f(t)?
4
Let w(h) = h**2 + 6*h + 8. Let s(b) = -4*b**2 - 17*b - 23. Let x(u) = 2*s(u) + 7*w(u). Let k be x(9). Let j(l) = -2*l**2 + k - 1 - 2*l. Give j(-2).
-4
Let d(t) = -3*t + 2. Let a(j) = j - 1. Let o(r) = -11*a(r) - 4*d(r). Suppose 3*i - 2*u - 42 = -i, 3*i = -4*u + 26. Let q = i + -7. Calculate o(q).
6
Let h be 0 - (1 - (-1 - -4)). Suppose -12 = 4*s + h*d, d + 12 = -4*s - 4. Let p(r) be the first derivative of -r**2/2 - 61. Determine p(s).
5
Let h be ((-2)/6)/((-1)/18). Let n be (4 + 2)*4/h. Let k(z) = z**3 - 5*z**2 + 4*z + 3. What is k(n)?
3
Let q = 22 - 26. Let a(k) = k**2 + 7*k + 6. Give a(q).
-6
Suppose -z = 1 - 3. Suppose z*y + 2*k = -4, 22 = 4*y - 6*k + 4*k. Suppose -v - y*v + 20 = 0. Let n(i) = i**3 - 4*i**2 - 4*i + 4. What is n(v)?
9
Let k(c) = -7*c - 1. Let l be (0/(-2) + -2)/2. Let b be k(l). Let x(o) = o**3 - 7*o**2 + 8*o - 4. Give x(b).
8
Suppose 3*a - 2*a - 1 = 0. Let c be (-1*a)/(6/18). Let l(n) = 3*n + 1. Determine l(c).
-8
Suppose y = -f, -2*f = y + 2*f - 15. Let n(